 number?
True
Is 886 a composite number?
True
Is 284149 composite?
False
Is 10063 prime?
False
Is 3241 a composite number?
True
Is 131617 a composite number?
False
Is 399305 a prime number?
False
Is 68993 prime?
True
Is 978407 composite?
True
Is 109651 a prime number?
False
Is 7571 a composite number?
True
Is 70051 a composite number?
False
Is 225113 prime?
False
Is 3595 composite?
True
Is 8039 composite?
False
Is 679123 composite?
False
Is 23849 prime?
False
Is 5413 prime?
True
Is 82226 a composite number?
True
Is 8263 composite?
False
Is 24917 composite?
False
Is 33389 prime?
False
Is 15221 a composite number?
True
Is 6257 composite?
False
Is 10405 a prime number?
False
Is 76205 a prime number?
False
Is 5583 composite?
True
Is 75821 composite?
False
Is 31397 a prime number?
True
Is 4791433 a composite number?
True
Is 17079 composite?
True
Is 2032403 prime?
True
Is 5509 composite?
True
Is 21133 prime?
False
Is 143447 prime?
False
Is 3761 a composite number?
False
Is 1259 composite?
False
Is 35393 prime?
True
Is 66567 prime?
False
Is 26759 a prime number?
True
Is 365483 composite?
True
Is 51449 prime?
True
Is 991181 prime?
True
Is 20771 composite?
False
Is 79333 a prime number?
True
Is 2832493 prime?
False
Is 7817 prime?
True
Is 20323 composite?
False
Is 8659 a composite number?
True
Is 117427 composite?
False
Is 18217 composite?
False
Is 2819 prime?
True
Is 13747 a composite number?
True
Is 20287 prime?
True
Is 17621 prime?
False
Is 26291 composite?
True
Is 2798 a prime number?
False
Is 30598 composite?
True
Is 10903 a prime number?
True
Is 45897 a prime number?
False
Is 1840466 a composite number?
True
Is 1601 composite?
False
Is 28999 composite?
True
Is 721991 a composite number?
False
Is 46853 a composite number?
False
Is 65353 a composite number?
False
Is 4139 composite?
False
Is 913 a prime number?
False
Is 479 a composite number?
False
Is 158293 composite?
False
Is 477313 composite?
False
Is 750287 composite?
False
Is 376787 a composite number?
False
Is 330919 composite?
True
Is 383371 prime?
True
Is 2108429 prime?
True
Is 12713 a prime number?
True
Is 92623 a prime number?
True
Is 3755 composite?
True
Is 132607 composite?
False
Is 23419 a prime number?
False
Is 116947 a composite number?
True
Is 40498 a composite number?
True
Is 1973333 a prime number?
False
Is 7939 composite?
True
Is 336709 composite?
True
Is 167521 a composite number?
False
Is 615539 prime?
True
Is 46547 a prime number?
False
Is 11197 a prime number?
True
Is 30531 a composite number?
True
Is 47051 prime?
True
Is 17543 a composite number?
True
Is 5951 a prime number?
False
Is 9865 a prime number?
False
Is 26779 a composite number?
True
Is 53527 a composite number?
False
Is 34807 a prime number?
True
Is 34757 a composite number?
False
Is 230897 a prime number?
False
Is 49967 a prime number?
False
Is 444653 prime?
False
Is 358313 a prime number?
True
Is 139 prime?
True
Is 1200711 a composite number?
True
Is 106853 a composite number?
False
Is 361721 prime?
False
Is 63463 a prime number?
True
Is 2503 a composite number?
False
Is 70283 a prime number?
False
Is 33911 a composite number?
False
Is 3067199 composite?
False
Is 58787 prime?
True
Is 131465 a composite number?
True
Is 101911 a prime number?
False
Is 13381 a prime number?
True
Is 410743 a prime number?
False
Is 195527 a composite number?
False
Is 267557 prime?
True
Is 3466 prime?
False
Is 19831 a composite number?
True
Is 257693 a prime number?
False
Is 150799 a prime number?
False
Is 1665749 a prime number?
False
Is 18623 a prime number?
False
Is 4327 a prime number?
True
Is 296417 a composite number?
True
Is 689 a composite number?
True
Is 869521 prime?
True
Is 600673 a prime number?
True
Is 13105 a prime number?
False
Is 1091333 prime?
False
Is 784957 prime?
True
Is 440347 prime?
True
Is 15401 prime?
True
Is 689 a prime number?
False
Is 225727 a prime number?
False
Is 31043 composite?
True
Is 14757 a composite number?
True
Is 23915 a composite number?
True
Is 59739 composite?
True
Is 419999 prime?
True
Is 164915 a composite number?
True
Is 30746 composite?
True
Is 13367 a composite number?
False
Is 15481 composite?
True
Is 20797 prime?
False
Is 281771 prime?
False
Is 7477 a prime number?
True
Is 418597 a prime number?
True
Is 49237 a composite number?
True
Is 97961 a prime number?
True
Is 423245 a prime number?
False
Is 226437 prime?
False
Is 9097 a prime number?
False
Is 253103 a composite number?
False
Is 519 a composite number?
True
Is 98607 prime?
False
Is 2297129 composite?
True
Is 263033 prime?
False
Is 30059 a composite number?
False
Is 3691 a composite number?
False
Is 1174261 a composite number?
True
Is 385531 composite?
False
Is 347401 prime?
True
Is 109153 a composite number?
True
Is 115183 prime?
True
Is 2633987 a composite number?
False
Is 1543 a prime number?
True
Is 175231 composite?
True
Is 6971 prime?
True
Is 7591 composite?
False
Is 19378 a composite number?
True
Is 192737 composite?
False
Is 27239 a composite number?
False
Is 14143 a prime number?
True
Is 1187 a composite number?
False
Is 55 a composite number?
True
Is 1909 a prime number?
False
Is 18563 composite?
True
Is 171113 composite?
True
Is 18949 composite?
True
Is 34211 composite?
False
Is 40387 prime?
True
Is 12149 prime?
True
Is 90577 a composite number?
True
Is 211921 a composite number?
True
Is 459047 prime?
True
Is 2654 prime?
False
Is 49027 a prime number?
False
Is 844903 a prime number?
True
Is 10831 composite?
False
Is 3901 prime?
False
Is 635 a prime number?
False
Is 4313 a composite number?
True
Is 74699 a prime number?
True
Is 59905 prime?
False
Is 8263 a composite number?
False
Is 10057 composite?
True
Is 479 a composite number?
False
Is 1151 a prime number?
True
Is 108067 prime?
False
Is 45593 composite?
True
Is 3487 composite?
True
Is 1033493 a prime number?
True
Is 61513 a prime number?
False
Is 19661 a composite number?
False
Is 2053 a prime number?
True
Is 89729 a prime number?
False
Is 72619 prime?
False
Is 85487 composite?
False
Is 205311 a composite number?
True
Is 212001 a prime number?
False
Is 43991 composite?
False
Is 220357 a composite number?
False
Is 397871 prime?
False
Is 505111 a composite number?
False
Is 12443 a composite number?
True
Is 1085479 a prime number?
False
Is 96505 a composite number?
True
Is 33217 prime?
False
Is 20283 composite?
True
Is 863 a prime number?
True
Is 127997 a composite number?
False
Is 2293 a prime number?
True
Is 27785 a prime number?
False
Is 263485 a composite number?
True
Is 743267 a prime number?
False
Is 4955 a composite number?
True
Is 34907 a composite number?
True
Is 9793 composite?
True
Is 54251 prime?
True
Is 323623 a composite number?
False
Is 673 a prime number?
True
Is 11851 a prime number?
False
Is 2056471 prime?
False
Is 38261 prime?
True
Is 177 prime?
False
Is 8263 composite?
False
Is 2051 prime?
False
Is 2447459 prime?
False
Is 7571 a composite number?
True
Is 36247 a composite number?
True
Is 330074 prime?
False
Is 1308649 prime?
True
Is 635809 a prime number?
True
Is 9511 a composite number?
False
Is 68437 prime?
True
Is 35761 prime?
False
Is 633 composite?
True
Is 5129 prime?
False
Is 51631 prime?
True
Is 42917 a composite number?
True
Is 33977 a prime number?
False
Is 474479 a composite number?
False
Is 12437 prime?
True
Is 5294 a composite number?
True
Is 1522 a prime number?
False
Is 267361 prime?
False
Is 6547 composite?
False
Is 4573 a prime number?
False
Is 321089 a composite number?
True
Is 28369 a composite number?
True
Is 105283 composite?
True
Is 53545 prime?
False
Is 39073 composite?
True
Is 1822397 composite?
True
Is 242417 a composite number?
True
Is 21059 a prime number?
True
Is 1394177 a composite number?
False
Is 131183 a composite number?
True
Is 41253 a composite number?
True
Is 151769 prime?
True
Is 1351459 composite?
False
Is 11789 a prime number?
True
Is 43853 a prime number?
True
Is 355379 a prime number?
True
Is 5439689 a prime number?
True
Is 223949 composite?
True
Is 232751 a prime number?
True
Is 9097 a prime number?
False
Is 170567 a prime number?
False
Is 21055 a prime number?
False
Is 355763 a prime number?
True
Is 11257 a prime number?
True
Is 11127 prime?
False
Is 5497 a composite number?
True
Is 284209 a prime number?
F